51600.
2, 5, 11, 31489
What are the prime factors of 28215392?
2, 557, 1583
What are the prime factors of 266571588?
2, 3, 1619, 13721
What are the prime factors of 144667127?
11, 17, 787, 983
What are the prime factors of 207986121?
3, 7, 1013, 3259
What are the prime factors of 131218023?
3, 43739341
List the prime factors of 118736212.
2, 7, 23, 26339
What are the prime factors of 67395788?
2, 359, 46933
What are the prime factors of 117095530?
2, 5, 23, 59, 8629
What are the prime factors of 2887503605?
5, 7, 23, 107, 4789
List the prime factors of 148581999.
3, 127, 43331
List the prime factors of 36909695.
5, 43, 171673
List the prime factors of 8125621.
7, 165829
What are the prime factors of 3434742581?
571, 6015311
What are the prime factors of 3340846?
2, 19, 87917
List the prime factors of 7239870178.
2, 467, 7751467
What are the prime factors of 27769299?
3, 191, 48463
List the prime factors of 139907733.
3, 7, 89, 74857
List the prime factors of 3266541135.
3, 5, 11, 13, 41, 4127
What are the prime factors of 54350439?
3, 11, 13, 126691
What are the prime factors of 289138006?
2, 17, 823, 10333
What are the prime factors of 789621202?
2, 17, 1009, 23017
List the prime factors of 3271185.
3, 5, 41, 197
What are the prime factors of 107881719?
3, 11, 3269143
List the prime factors of 85915401.
3, 11, 13, 271, 739
What are the prime factors of 1446975874?
2, 723487937
List the prime factors of 94924550.
2, 5, 7, 367, 739
List the prime factors of 51780837.
3, 17260279
What are the prime factors of 110540978?
2, 31, 37, 48187
List the prime factors of 2449595206.
2, 21617, 56659
What are the prime factors of 416540627?
416540627
What are the prime factors of 56382415?
5, 1613, 6991
List the prime factors of 260996928.
2, 3, 43, 101, 313
List the prime factors of 3284183242.
2, 29, 71, 727, 1097
What are the prime factors of 71767961?
233, 308017
List the prime factors of 1573563244.
2, 11, 4561, 7841
List the prime factors of 3600997.
3600997
What are the prime factors of 6773590?
2, 5, 37, 18307
What are the prime factors of 706118505?
3, 5, 6203, 7589
What are the prime factors of 470903241?
3, 443, 354329
List the prime factors of 3092809690.
2, 5, 29, 10664861
What are the prime factors of 1660758391?
6959, 238649
What are the prime factors of 133496003?
133496003
What are the prime factors of 1958478552?
2, 3, 27201091
What are the prime factors of 131899185?
3, 5, 11, 71, 139
List the prime factors of 640152168.
2, 3, 79, 337633
List the prime factors of 759937568.
2, 13, 140521
List the prime factors of 20785311.
3, 1237, 1867
List the prime factors of 105239597.
105239597
What are the prime factors of 3442038171?
3, 11, 13, 797, 10067
What are the prime factors of 2204225763?
3, 17, 43220113
What are the prime factors of 588621841?
588621841
List the prime factors of 2301943150.
2, 5, 13, 29, 4211
What are the prime factors of 4726489155?
3, 5, 563, 559679
What are the prime factors of 350684441?
350684441
List the prime factors of 283311656.
2, 35413957
List the prime factors of 1707617448.
2, 3, 23716909
What are the prime factors of 3955918079?
107, 179, 206543
List the prime factors of 30720183.
3, 13, 787697
List the prime factors of 182155919.
11, 16559629
What are the prime factors of 1375078318?
2, 353, 1947703
What are the prime factors of 748186085?
5, 19, 31, 254053
List the prime factors of 89440879.
11, 8130989
List the prime factors of 156491709.
3, 11, 4742173
List the prime factors of 627864640.
2, 5, 13, 150929
List the prime factors of 315873708.
2, 3, 19, 1385411
What are the prime factors of 146009376?
2, 3, 19, 26683
What are the prime factors of 2063685857?
53, 499, 78031
What are the prime factors of 128470715?
5, 25694143
List the prime factors of 81849456.
2, 3, 13, 23, 1901
What are the prime factors of 2572992533?
2731, 942143
What are the prime factors of 110315435?
5, 22063087
What are the prime factors of 74362690?
2, 5, 7436269
List the prime factors of 1607297412.
2, 3, 7, 2733499
List the prime factors of 2387759610.
2, 3, 5, 79591987
What are the prime factors of 179100091?
37, 53, 91331
What are the prime factors of 4309565379?
3, 7, 59, 3478261
List the prime factors of 66431198.
2, 2663, 12473
List the prime factors of 215932090.
2, 5, 11, 1963019
List the prime factors of 112148584.
2, 14018573
List the prime factors of 767262635.
5, 23, 2083, 3203
What are the prime factors of 94228534?
2, 47114267
What are the prime factors of 362301573?
3, 103, 1172497
What are the prime factors of 151428789?
3, 16825421
What are the prime factors of 4400848105?
5, 880169621
List the prime factors of 72597106.
2, 17, 271, 7879
What are the prime factors of 3041078470?
2, 5, 37, 8219131
What are the prime factors of 53652946?
2, 26826473
List the prime factors of 77200492.
2, 19300123
What are the prime factors of 385382350?
2, 5, 17, 131, 3461
What are the prime factors of 1043207574?
2, 3, 173867929
What are the prime factors of 115850001?
3, 38616667
List the prime factors of 2299447931.
11, 17, 23, 534631
List the prime factors of 1591914664.
2, 198989333
List the prime factors of 100827985.
5, 83, 151, 1609
What are the prime factors of 108556680?
2, 3, 5, 167, 5417
What are the prime factors of 75656337?
3, 31, 761, 1069
List the prime factors of 40653959.
40653959
What are the prime factors of 184817504?
2, 41, 140867
List the prime factors of 1050524868.
2, 3, 37, 827, 2861
List the prime factors of 395280522.
2, 3, 7, 13, 19, 977
List the prime factors of 444767705.
5, 43, 48109
What are the prime factors of 3181872697?
2243, 1418579
List the prime factors of 67323853.
43, 1565671
What are the prime factors of 1203993035?
5, 7, 31, 251, 4421
What are the prime factors of 559332865?
5, 7, 13, 41, 29983
What are the prime factors of 4596786644?
2, 27751, 41411
What are the prime factors of 131478879?
3, 7, 19, 23, 14327
List the prime factors of 78401719.
11, 2399, 2971
What are the prime factors of 1944609933?
3, 7, 13228639
What are the prime factors of 36378395?
5, 97, 107, 701
List the prime factors of 7582011147.
3, 842445683
List the prime factors of 579371869.
2083, 278143
What are the prime factors of 190422010?
2, 5, 19042201
List the prime factors of 89010996.
2, 3, 71, 104473
What are the prime factors of 137970325?
5, 1181, 4673
List the prime factors of 400945481.
191, 2099191
What are the prime factors of 44223682?
2, 1103, 20047
What are the prime factors of 600359383?
13, 46181491
List the prime factors of 365174135.
5, 863, 84629
List the prime factors of 157482851.
181, 733, 1187
What are the prime factors of 43544953?
43544953
List the prime factors of 453503466.
2, 3, 13, 23, 84263
What are the prime factors of 564869040?
2, 3, 5, 2353621
What are the prime factors of 88852266?
2, 3, 23, 157, 1367
What are the prime factors of 3472204202?
2, 17, 359, 284467
List the prime factors of 632204616.
2, 3, 149, 176791
What are the prime factors of 70016090?
2, 5, 1583, 4423
What are the prime factors of 39203310?
2, 3, 5, 1306777
What are the prime factors of 200586179?
17, 11799187
What are the prime factors of 697860418?
2, 47, 313, 23719
What are the prime factors of 899205103?
899205103
List the prime factors of 73232333.
73232333
List the prime factors of 819866374.
2, 409933187
List the prime factors of 81352791.
3, 13, 695323
List the prime factors of 41315036.
2, 7, 30113
List the prime factors of 1870137243.
3, 13, 15984079
What are the prime factors of 143577104?
2, 11, 17, 47, 1021
List the prime factors of 2020843158.
2, 3, 23, 14643791
List the prime factors of 29165694.
2, 3, 37, 79, 1663
What are the prime factors of 28787464?
2, 1237, 2909
List the prime factors of 6150282110.
2, 5, 7, 23, 3820051
List the prime factors of 299419156.
2, 74854789
List the prime factors of 28309072.
2, 11, 239, 673
What are the prime factors of 28347796?
2, 7086949
What are the prime factors of 77413919?
11, 7037629
What are the prime factors of 137529076?
2, 34382269
List the prime factors of 3901813.
911, 4283
List the prime factors of 92940481.
41, 163, 13907
List the prime factors of 1392574819.
1392574819
What are the prime factors of 18041673?
3, 13, 462607
List the prime fact